 - 2 - 2. Let d be y(0). Let j be 7 + 0 + d + 3. Let b(k) = -k + 3. Calculate b(j).
-1
Suppose 4*c = 2*l - 2, 0 = -2*c - 2*l + 23 - 21. Let k(a) = a**2 - 5*a - 31. Calculate k(c).
-31
Let x(r) = 2*r**3 + 15*r**2 - 8*r + 19. Let y be x(-8). Let i be y/38 + 17/2. Let t(w) = -w**2 + 9*w + 4. Determine t(i).
4
Let k(n) = n + 24. Suppose -35*r + 96*r = 46*r. Determine k(r).
24
Let t(h) be the first derivative of h**4/24 + h**3/2 - h**2 + 2. Let s(a) be the second derivative of t(a). Let o = 1030 - 1036. Give s(o).
-3
Let z = -526229 - -526233. Let u(i) = 5*i**2 + 10*i - 16. Let c(t) = 6*t**2 + 11*t - 17. Let l(m) = -6*c(m) + 7*u(m). Calculate l(z).
-10
Let f(t) = -t**3 + 55*t**2 + 36*t + 12. Let l(u) = u**3 - 61*u**2 - 37*u - 14. Let s(z) = -5*f(z) - 4*l(z). Calculate s(32).
-4
Let n be 11 - (19 - (-56)/(-8)). Let h(m) = -13*m**3 - m - 2. What is h(n)?
12
Let f(a) be the second derivative of a**3/2 - 3373*a. Calculate f(-18).
-54
Let h be 1*(-25 - 9/3). Let q = h + 30. Let d(y) = q*y**2 - 7 - y - 6*y + y. What is d(5)?
13
Let l(g) = -2*g**2 + g - 3. Let n = -118 + 118. Suppose -4*a - 16 = n, -2*a + 4 - 21 = 3*v. Determine l(v).
-24
Let w(s) = -3*s + 2. Let u(b) be the second derivative of b**5/20 - b**4/4 - 7*b**3/6 + 8*b. Let t be u(-3). Let k = t + 39. Give w(k).
-16
Let v(d) = -8*d + 41. Let n(u) = 2*u - 6. Let s(z) = 15*n(z) + 3*v(z). Calculate s(-14).
-51
Suppose g + 0*g - 86 = 0. Suppose 3*m + 4*h = -2, 5*m + h - 1 - 7 = 0. Let t(p) = -p**m + g - 41 - 45 + 10*p**3. Determine t(-1).
-11
Let i(q) be the first derivative of -q**2 + 21*q + 809. Calculate i(8).
5
Let m = -27 - -37. Let o(t) = -13*t - m*t - t**2 + 17 + 40*t - 16*t. Let x(l) = l. Let i be x(0). What is o(i)?
17
Suppose 5*w = -4*i + 31, -4*i + 27 = -i + 3*w. Let d be (-23)/(-7) - i/49. Let m(o) = d*o**2 + 3*o + 0 - 4*o**3 + 3*o**3 + 1 - 4. Give m(4).
-7
Let a(x) be the first derivative of x**3/3 + 2*x**2 + 3*x - 2572. Give a(-7).
24
Suppose 128 = -12*i - 4*i. Let b be 6 + (i - (-3 - 2)). Let y(z) = z**2 + 2*z - 4. Calculate y(b).
11
Suppose -3*b = -4*d - 28, b = 3*b - d - 12. Let p(g) = -7 + 6*g + g + 3 - b*g. Let z(k) = k**3 + 5*k**2 - k. Let n be z(-5). Calculate p(n).
11
Let l(v) = -39*v + 65*v + 155 + 164 - 431 + 143. Determine l(4).
135
Suppose 5*i - 2*c - 1001 = 0, -781 = 16*i - 20*i - 5*c. Let f(s) = 1 - 393*s + i*s + 193*s. Determine f(7).
-6
Let f = 243 - 4859/20. Let r(h) be the second derivative of -18*h + 5/12*h**4 + f*h**5 + 2*h**2 + 0 + 7/6*h**3. Give r(-4).
-8
Let a be (-350)/315 + (-128)/(-18). Let v(t) = -t**2 + 5*t - 2. Give v(a).
-8
Suppose 3 = 2*y - 3. Let b(k) = 9*k - y*k + 3*k**2 + k**3 - 7 + 3*k**2. Let c(p) = -2*p**2 - p + 16. Let d be c(3). Calculate b(d).
-12
Let f(w) = -13*w**2 - 13*w + 2. Let z(j) = 6*j**2 + 6*j - 1. Let t(s) = 4*f(s) + 9*z(s). Let m be (-2 + 1 + 6)/(-3 + (-40)/(-80)). What is t(m)?
3
Let c(q) = -q**3 - 6*q**2 - 5*q + 5. Suppose -4*i + 27 - 15 = 0. Suppose -6*p + 2*p + 20 = -4*w, -5*w - 25 = i*p. Give c(w).
5
Let c(p) = -2*p - 17. Let b(l) = -2*l - 16. Let h(x) = -4*b(x) + 5*c(x). Suppose 0 = -8*f - 93 + 21. Let s be h(f). Let m(g) = -g - 1. Calculate m(s).
2
Let x = -20517 - -20518. Let g(u) = -3*u**3 + 2*u**2 - u - 2. What is g(x)?
-4
Let h(i) = -14*i - 516. Let n be h(-37). Let d(q) = 22*q - 37. What is d(n)?
7
Let t(v) = -5. Suppose 0 = 5*m - 44 + 39. Let o(q) = -q + 1. Let a(j) = m*t(j) + 3*o(j). Suppose -b - 3*r - 14 = 2, 8 = -4*b + 2*r. Determine a(b).
10
Let s(j) = -j**3 + 5*j**2 - 3*j + 2. Let y = 14 + 40. Suppose -y = 11*v - 20*v. Suppose 0 = d - 2*b + v, 3*d - 7 = -2*b + 3*b. Give s(d).
6
Let a = 3852 + -3859. Let n(g) = -g**2 - 5*g + 9. What is n(a)?
-5
Let m(j) be the third derivative of -j**6/360 + j**5/15 - 22*j**3/3 + 82*j**2. Let n(t) be the first derivative of m(t). Determine n(6).
12
Let p(o) = -8*o + 23. Let j(x) = 3*x - 6. Let u(d) = 3*j(d) + p(d). Let s be 0/(-1*(-1 + 2)). Give u(s).
5
Suppose y + 20 = -4*y. Let g(x) = -2*x - 22. Let f(b) = -6*b - 62. Let m(h) = -5*f(h) + 14*g(h). Give m(y).
-6
Let c be ((-17)/34)/((-2)/12). Let k(j) = 2 - 23*j**3 - 19*j**c + 41*j**3 - 5*j**2 - 4*j. Give k(-4).
2
Let u(g) = -g**3 - 9*g**2 - 16*g - 11. Let b be u(-7). Let f(c) = -2*c**2 + b*c**2 - 2*c - 8 - 7*c. Calculate f(10).
2
Let x(w) = -w**2 - 4*w + 7. Let q(h) = 352*h - 355. Let c be q(1). Determine x(c).
10
Let n(i) = -13*i + 33. Let k be (1 + 0)/(10/600*12). Determine n(k).
-32
Let l(k) = -1486*k + 2960*k + 7 - 1472*k. Calculate l(-18).
-29
Let f(l) be the first derivative of l**2 + 35*l - 4323. What is f(-19)?
-3
Suppose -17 = -58*m + 57*m - 3*g, 24 = m + 4*g. Let x(r) = r**3 - 16*r. What is x(m)?
0
Let j(p) = p**3 - 2*p**2 - 3*p. Suppose -2*z + 3*k = -291, z = -3*k + 4*k + 148. Suppose 0 = 4*c + 5*c - z. Let f = c - 13. Determine j(f).
20
Let l be (-3)/(-13 - -1) + 14/8. Let s(a) = 3 + l - 1 + a + 1. What is s(-3)?
2
Suppose -20 = -4*u + 20. Let l(k) = -9*k + 9 + 1 - 32*k**2 - 33*k**2 - 35*k**2 + 130*k**2 - 29*k**2. Determine l(u).
20
Let j(s) = s + 1. Let b(v) = -v - 2. Let u(o) = 5*b(o) + 6*j(o). Suppose -28*k + 32*k = 16. Suppose -2*r - k*y - 6 = -5*r, -2*y + 30 = 4*r. Calculate u(r).
2
Let d(q) = -200*q**3 - 58 + 3 + 99*q**3 - 7*q**2 - 16*q + 100*q**3. Let j be d(-6). Let k(i) = -i**3 + 4*i**2 + 4*i - 6. Determine k(j).
-11
Let y(a) be the third derivative of 9*a**2 + 2/3*a**3 - 1/60*a**5 + 1/6*a**4 + 0*a + 9. Calculate y(5).
-1
Let r(h) = 3*h - 22 - 6*h - 2*h - h. Let p be (-16 + 21 + (-96)/18)*12. Determine r(p).
2
Let j(w) = 109*w - 4. Suppose 24*f = -6*f. Determine j(f).
-4
Let d(b) = 26*b + 9. Suppose 565*t + 510 = 133*t + 78. Calculate d(t).
-17
Let k(g) = 10*g + 2. Let m(j) = 4*j + 1. Let x(y) = -k(y) + 4*m(y). Let s(i) = -i**3 - 2*i**2 + 5*i + 3. Let h = -6 - -3. Let u be s(h). Calculate x(u).
-16
Let c be 8 - 4 - (-2 - -5). Let h(r) be the second derivative of -1/6*r**3 + 3/4*r**5 + 2*r + 1/2*r**2 + 7 - 1/12*r**4. Give h(c).
14
Let w(n) = n**2 + 13*n - 1. Let s(j) = -j**3 + 4*j**2 - 3*j - 5. Let h be s(-3). Let m = h - 80. Give w(m).
-1
Let n(f) = -19*f**2 + 13*f**2 + 288*f + 10*f**2 - 242*f - 27. Calculate n(-12).
-3
Suppose 38 = -21*r + 17. Let c(v) = 2*v**3 - 1. Let i(d) = -11*d**3 + 4*d**2 + d + 3. Let l(w) = r*i(w) - 5*c(w). What is l(4)?
-2
Let u(h) be the second derivative of 3*h - 2/3*h**3 + 4 - 5/2*h**2. Let n be (-13)/2 + 1/2. What is u(n)?
19
Let x(u) = -209*u**2 + 6*u - 28 - 121*u**2 + 331*u**2. Give x(-9).
-1
Let z(n) = 49*n + 836. Let t be z(-17). Let f(k) = 4*k**2 + 7*k - 7. Determine f(t).
50
Suppose 37*m - 36 = 33*m. Suppose 5*h = 2*p + 21, -2*p + p + 2*h = m. Let x(n) = -n**3 - 2*n**2 + 4*n + 3. What is x(p)?
0
Suppose -4*o - 3*d = -24 - 79, 3*d = -9. Let w(m) = m**2 - 6 - 9 - 16*m + o*m. Determine w(-13).
-2
Let c(r) = -5*r**2 - 4*r - 8. Let i(k) = -6*k**2 - 6*k - 6. Let m(t) = -3*c(t) + 2*i(t). Give m(-5).
87
Let a(r) = r**3 - 2*r**2 - r + 1. Let m be 2 + -1 - (-183 - 5). Suppose m - 216 = -9*z. What is a(z)?
7
Let r(a) = a**3 - 4*a**2 - 5*a + 6. Let g be r(5). Let h(j) = 53*j - 24. Let w(d) = 24*d - 11. Let x(u) = 5*h(u) - 11*w(u). What is x(g)?
7
Let t = -94 - -103. Suppose 4*h - x = 40, h = 2*x - 5*x + 10. Let o = t - h. Let j(i) = -2*i**3 - i**2 - i - 1. Give j(o).
1
Suppose 7*v = 4*v - 12. Let q be 1/(-1 - 9/(-6)). Let d(y) = -2*y + 10*y**2 + 6 - 6*y**q + y**3 - 6. Give d(v).
8
Let i = -17 - -22. Suppose i*q + 36 = -2*m, 8*q = m + 6*q. Let a(g) = 0*g**3 - 11*g**2 + 11 - 6*g + 2*g**2 - g**3. Determine a(m).
-5
Let y(v) = -33*v - 114. Let h(a) = -18*a - 59. Let o(i) = -9*h(i) + 5*y(i). What is o(-12)?
-3
Let y(x) = 3*x**3 - x**2. Let w(b) = 11*b**3 - 2*b**2 - 2*b + 3. Let n(m) = w(m) - 5*y(m). Suppose -5*j - 3 = -2*j. Let s be (5 + j)/(4 + -2). What is n(s)?
-21
Let h be (3*16/(-12))/(56/(-98)) - 3. Let z(t) = t**2 - 4*t - 7. Let c(y) = 2*y**2 - 7*y - 15. Let v(g) = 4*c(g) - 9*z(g). Determine v(h).
19
Let s(m) = -103*m + 1950. Let n be s(19). Let r(g) = 39*g + 263. Give r(n).
-10
Let h(q) = -q**3 + 3*q**2 + 4. Let v(r) = r**2 + 8*r - 12. Let s be v(-10). Let l be ((-1)/2)/((-10)/80). Let d = s - l. Give h(d).
-12
Let z(m) = -4*m - 1. Let j(b) = b**3 + 4*b**2 + 4*b - 2. Let p(s) = -s**2 + s. Let f be p(2). Let k be j(f). Calculate z(k).
7
Let c(x) = x + 7. Let v = -420 - -423. Suppose 